culate the greatest common factor of 10 and v.
10
Suppose -3 - 4 = -p. Let o(h) be the third derivative of -h**4/24 + 19*h**3/6 - 3*h**2 + 25. Let b be o(p). What is the highest common factor of b and 12?
12
Let z(b) = b**3 + 10*b**2 + 15*b + 7. Let s be z(-9). Let v = 63 + s. What is the highest common divisor of 2 and v?
2
Suppose 4*d = 3*c + 1 + 5, 3*c - 15 = -3*d. What is the highest common divisor of 32 and c?
2
Let h be (-4278)/54 + (-4)/(-18). Let r = h + 199. Calculate the highest common factor of r and 40.
40
Let v(k) = -61*k - 1. Let z be v(-2). Calculate the highest common divisor of z and 44.
11
Let c = 4 + -16. Let o be 525/(-12) - c/16. Let g = -26 - o. Calculate the highest common divisor of g and 17.
17
Suppose 260 = 5*g - 0*f - 5*f, 2*g = 4*f + 106. What is the greatest common factor of g and 3?
3
Let c be (1/2)/((-1)/(-6)). Suppose -4*d + 3*g - 7*g + 164 = 0, -5*g + 10 = 0. What is the highest common divisor of c and d?
3
Let y(m) = 1. Let q(p) = -4*p + 2*p + 6*p + 9 - p**2 - p. Let i(g) = q(g) - 4*y(g). Let f be i(4). What is the greatest common divisor of 4 and f?
1
Suppose -5*k - 13 = 2*j + j, 2*j = -4*k - 12. Let m = k - -20. What is the highest common divisor of 120 and m?
15
Suppose -4*w - 404 - 20 = 0. Let f = w + 59. Let c be 2/(-3) - f/3. What is the greatest common divisor of 30 and c?
15
Suppose -46*x + 3*y - 325 = -47*x, 3*x - 2*y - 975 = 0. What is the highest common divisor of x and 175?
25
Let v(y) = -y**3 - y**2 + 18*y - 18*y**2 - 42 + 2*y**3 + 3*y. Let p be v(18). Calculate the highest common factor of 96 and p.
12
Let y be ((-2 - 4/(-8)) + 1)*-528. Calculate the highest common factor of y and 33.
33
Suppose -y = -4*a + 9, -5*a = 86*y - 89*y + 1. What is the greatest common divisor of 315 and y?
7
Let i = 25 - 20. Suppose -2*j = i*j - 21. What is the greatest common divisor of j and 12?
3
Let r(m) = -3*m**2 + 18*m + 6. Let a be r(5). What is the highest common divisor of a and 567?
21
Let r = 67 + -39. Calculate the greatest common factor of 20 and r.
4
Let m(j) = -j**2 - 14*j + 12. Suppose 0 = -c + 3*q - 9, -5*c - 45 - 12 = -3*q. Let d be m(c). What is the highest common divisor of d and 12?
12
Let k be (4/(-48)*-4)/(2/42). Suppose 198 = -4*w + k*w + 4*p, 3*w - 5*p = 225. What is the greatest common factor of 35 and w?
35
Let a be (-2394)/(-8) + (-61)/244. What is the highest common factor of 115 and a?
23
Let n = -29 + 19. Let d = 24 + n. Suppose -2*m + 29 = 5*t, 4*m - 4*t - 2 = d. Calculate the highest common divisor of 14 and m.
7
Let k(s) = -s**2 + 9*s + 14. Let c be k(9). Let u = c - -3. Let o(z) = 3*z**2 - 3*z - 2. Let f be o(4). What is the highest common factor of f and u?
17
Let q = 30 - 29. Suppose -5*w - q + 21 = 0, 2*b - 60 = -3*w. Calculate the highest common factor of 36 and b.
12
Suppose 2*q + d = 16 + 48, 116 = 4*q - d. What is the greatest common factor of 330 and q?
30
Suppose -3*p - 8*a + 1721 = -6*a, 0 = -2*p + 4*a + 1158. What is the highest common factor of p and 23?
23
Let i(p) = 10*p - 11. Let n(t) = -9*t + 11. Let a(v) = -4*i(v) - 5*n(v). Let z be a(5). What is the greatest common divisor of 154 and z?
14
Suppose -5*v - 69 = -3*t, 3*v + 3 = 4*v. Suppose 4*m = 16, 3*g - 8*g - 2*m = -28. What is the greatest common divisor of g and t?
4
Suppose 5*s + 4 - 5 = -c, 5*s = 3*c + 17. Let d be (-265 - -3)/(2/c). Suppose -4*p = -56 - d. Calculate the greatest common divisor of p and 58.
29
Suppose 4*p + 24 = -24. Let o be (-100)/(-3) + p/9. Calculate the highest common factor of 48 and o.
16
Let o be 1/(3/(3 - -66)). Suppose -5*x + 2*j + 1206 = 296, 5*x = -j + 925. What is the greatest common factor of x and o?
23
Let j be 3/15 - 48/(-10). Let o = j + 4. Let w(z) = z**2 - 6*z + 9. Let t be w(o). What is the highest common factor of t and 4?
4
Suppose 3*k + 7 = 4*a, k = 3*a + 1 - 0. Let y(j) = j**3 + 5*j**2 + 1. Let w be y(k). Let s be (-2 - -3) + 0/2. What is the highest common factor of s and w?
1
Suppose -47*f + 21*f + 3744 = 0. What is the highest common factor of f and 64?
16
Suppose 3*a = -8*v + 3*v - 20, 2*v = -2*a - 12. Let z be (-1)/1*(v + -151). Let o be 2/3 - z/(-24). Calculate the greatest common divisor of 1 and o.
1
Let o be 8/(-3) + (-10)/30. Let p(f) = -35*f + 5. Let b be p(o). Calculate the highest common factor of b and 10.
10
Let x(s) = -180*s. Let f be x(-1). Suppose 2*h + 0*h = f. Let w = 595 - 585. What is the greatest common divisor of w and h?
10
Let f be (-4)/18*-3 + 152/24. Suppose 0 = f*n - 8*n + 204. What is the greatest common factor of 12 and n?
12
Let h(q) = 17*q + 17. Let a be h(7). Suppose a = -26*n + 30*n. Calculate the greatest common divisor of n and 85.
17
Let a = 509 - 499. Calculate the greatest common divisor of a and 30.
10
Let w(h) = -1. Let r(v) = 2*v**2 - 26*v + 5. Let k(c) = -r(c) - 2*w(c). Let n be k(12). What is the greatest common factor of n and 14?
7
Let q be (-21042)/(-105) - ((-8)/5 - -2). Calculate the greatest common factor of q and 160.
40
Let j be (-4)/(-6) + (-13)/(-3)*1. Suppose h - 3*s = 142, 3*h + 0*s = -j*s + 370. Calculate the greatest common factor of h and 52.
26
Let h(t) = -t**3 + 5*t**2 + 8*t - 8. Let o be h(6). Suppose -9*j + 783 = 288. Suppose 0 = -s + j - 19. Calculate the greatest common divisor of o and s.
4
Let b(d) = -d**3 + 14*d**2 + d + 1. Let o = 27 + -13. Let s be b(o). Let f be 179/2 - s/10. Calculate the highest common factor of f and 11.
11
Let o = -82 + 118. What is the highest common factor of o and 42?
6
Let v = 282 + -44. Suppose 0*n - 70 = -5*n. What is the greatest common factor of n and v?
14
Let t(j) = j + 21. Let n be t(-3). Let o = n + -14. What is the highest common factor of o and 52?
4
Let x be (-6 + 1)*(-24)/10. Let p = -42447 - -42451. What is the greatest common factor of x and p?
4
Let f = 1254 - 1228. What is the highest common divisor of 247 and f?
13
Suppose 4*x - 6 = 18. Suppose x = -2*t + 48. Let y be (1 - -59) + 15/5. What is the highest common factor of y and t?
21
Suppose -4*k = -6 - 14. Suppose 0 = -0*z + k*z - 115. Calculate the greatest common divisor of z and 23.
23
Let z(n) = n**3 + 8*n**2 - 8*n + 11. Let k be z(-9). Suppose k*x = -0*x - 4. Let j = 7 - x. Calculate the greatest common factor of 99 and j.
9
Let y be (-30)/(-9)*(-6)/(-4). Let z be (-7)/(21/(-12)) - (-9)/3. Suppose -y*r + 48 = -z. What is the highest common divisor of 55 and r?
11
Suppose 24 = -2*u - 24. Let j = u + 8. Let p be 3/(3 + 44/j). Calculate the highest common factor of p and 84.
12
Suppose 3*x = -2*x + i + 36, 0 = 5*x + 3*i - 32. Suppose 0 = -x*u + 1 + 6. Let p be ((45 + 0)/5)/u. What is the highest common factor of p and 1?
1
Let l = 43 + -25. Suppose -2*f + f - l = 0. Let s be (4/(-6))/(1/f). What is the highest common factor of 6 and s?
6
Let r be ((-6)/8)/(3/(-36)). Let p be (-36)/r + (-3)/(9/(-24)). Calculate the greatest common factor of p and 4.
4
Suppose -22*h + 3*y = -20*h + 10, 13 = -3*h + 4*y. Let w be 21/5 - (-1)/(-5). Suppose -9 = -w*p + 19. What is the highest common divisor of h and p?
1
Let j(g) = g**3 + 9*g**2 + 4*g - 3. Let r be j(-8). Let y = 74 - r. Calculate the highest common factor of 5 and y.
5
Let y be (17/(50 + -16))/((-1)/(-54)). Let v = 86 - -22. What is the greatest common divisor of y and v?
27
Suppose -j - 1 = -0. Let l = 6 + j. Suppose 0 = 29*k + 33*k - 930. What is the greatest common factor of l and k?
5
Let x(a) be the first derivative of a**3/3 + a - 8. Let c be x(1). Calculate the greatest common divisor of c and 16.
2
Suppose 29*n - 198 = 701. Calculate the greatest common factor of 93 and n.
31
Let o(q) = -q**3 + 17*q**2 + 19*q - 20. Let g be o(18). Let p be g/(-1)*(-3)/(-2). Calculate the greatest common factor of p and 12.
3
Let p(g) = g**2 - 5*g - 6. Let m be p(10). Let h(z) = 10*z + 71. Let u be h(-6). Calculate the greatest common factor of m and u.
11
Suppose 0 = -9*b + 2*b + 1155. Calculate the highest common factor of b and 75.
15
Let d(t) = 8*t**3 - 5*t + 5. Let l be d(1). Let g(s) = -5*s - 9. Let q be g(-9). What is the highest common factor of q and l?
4
Suppose -10 - 118 = 4*h. Let o = -27 - h. Calculate the highest common divisor of o and 5.
5
Suppose -69*l - 2*l + 32802 = 0. What is the highest common factor of 132 and l?
66
Let n(p) be the first derivati